(base 4) to base 6.
-2533144
What is -219085 (base 10) in base 14?
-59bad
5106246 (base 7) to base 11
385259
294983 (base 13) to base 5
224310201
1011000011010101110110 (base 2) to base 7
33424565
What is -3303200102 (base 4) in base 3?
-1212200011112
Convert -142696 (base 11) to base 12.
-a9144
Convert -637348 (base 16) to base 11.
-375182a
Convert 4603123 (base 7) to base 10.
572533
Convert 2302334324 (base 5) to base 13.
10a4007
Convert 917bb (base 16) to base 14.
117243
Convert 2020211000110 (base 3) to base 2.
100100100001111100110
-868ed (base 16) to base 8
-2064355
293776 (base 11) to base 6
13500014
4c8aa (base 14) to base 16
2df96
Convert -6604a (base 13) to base 6.
-3542402
What is 255543 (base 9) in base 16?
25d70
10100110111101000001101 (base 2) to base 5
2400030413
What is -138759 (base 14) in base 13?
-1a8ba7
Convert -82477c (base 14) to base 4.
-100300033022
What is 238315 (base 9) in base 11?
99101
What is -25402101 (base 6) in base 13?
-22b505
Convert -7335247 (base 10) to base 6.
-421115251
Convert -453403 (base 7) to base 4.
-103221031
What is 69259 (base 12) in base 16?
22425
Convert -23440b (base 12) to base 9.
-1054252
10000011100110001111101 (base 2) to base 10
4312189
44312310 (base 5) to base 9
646514
-10081580 (base 10) to base 5
-10040102310
What is -22d56 (base 15) in base 5?
-12023011
Convert 16526424 (base 7) to base 2.
110001011101001000010
Convert 314b7 (base 12) to base 4.
33302023
Convert 11000111001100111 (base 2) to base 14.
29251
What is a4773 (base 15) in base 6?
15102013
Convert 336056 (base 7) to base 4.
32211023
-287b9 (base 12) to base 7
-323364
Convert -103112113 (base 4) to base 5.
-10014010
1166135 (base 7) to base 9
250112
What is -23443110 (base 5) in base 7?
-1600054
What is 7012606 (base 8) in base 14?
35ca58
Convert 1111111111001011111 (base 2) to base 4.
1333321133
953426 (base 15) to base 13
1617042
25163362 (base 8) to base 3
101110200120111
-287734 (base 9) to base 14
-4835d
-1101100101101100 (base 2) to base 4
-31211230
Convert 104004 (base 8) to base 15.
a4b5
What is -52560202 (base 7) in base 16?
-43ece2
Convert -16475454 (base 8) to base 4.
-32213230230
ca2b5 (base 13) to base 15
7330d
Convert 40c73b (base 14) to base 8.
10254661
What is -2020011020202 (base 3) in base 4?
-10201011032
What is -121021201 (base 4) in base 7?
-606214
What is 11850b5 (base 14) in base 13?
1979265
What is -17357 (base 11) in base 9?
-36402
Convert -24958 (base 11) to base 3.
-1211001101
What is 3075153 (base 10) in base 12?
1043729
Convert -61989 (base 13) to base 7.
-1326531
-6414b7 (base 13) to base 11
-1361941
239d2 (base 15) to base 8
335675
-13141333 (base 5) to base 14
-3597d
Convert -1302531 (base 6) to base 4.
-101033113
Convert 796539 (base 12) to base 16.
1d987d
Convert -14530627 (base 8) to base 3.
-20020210021210
Convert 2540135 (base 7) to base 14.
87c8c
Convert 1317928 (base 11) to base 16.
22c96f
What is -aa767 (base 12) in base 13?
-7b988
Convert 100111011010110011100110 (base 2) to base 9.
21388701
-110101010111101111010011 (base 2) to base 11
-7996600
Convert -212000000020 (base 3) to base 6.
-13411523
Convert 186617 (base 10) to base 4.
231203321
Convert -b4831 (base 15) to base 13.
-1705c0
-232200010 (base 5) to base 13
-2ab470
What is 1802502 (base 11) in base 14?
59a4aa
Convert -9ec18 (base 15) to base 9.
-850485
What is 54a00aa (base 11) in base 10?
9648539
-742577 (base 8) to base 10
-247167
20123320113 (base 4) to base 7
24540042
152430301 (base 6) to base 10
3207709
Convert 16a538 (base 13) to base 14.
10a145
16644223 (base 8) to base 15
51b288
Convert -1030211302 (base 5) to base 12.
-89a015
Convert 3a0575 (base 12) to base 2.
11101001000100101001
36886 (base 12) to base 11
50519
What is -423180 (base 10) in base 15?
-855c0
2a1e (base 16) to base 11
8112
Convert -b6a9a (base 12) to base 16.
-3a996
What is -85941 (base 14) in base 13?
-b3c61
10355322 (base 7) to base 8
3306047
-257072 (base 8) to base 12
-43a76
2235571 (base 8) to base 4
2103231321
Convert -3324853 (base 11) to base 9.
-11871011
-1348880 (base 11) to base 8
-10674766
What is -1142030 (base 8) in base 13?
-ac226
What is 113252 (base 14) in base 9?
1081338
-324110 (base 5) to base 9
-16264
Convert -4c7a38 (base 16) to base 5.
-2240341044
What is 101011101011111 (base 2) in base 10?
22367
-136017 (base 13) to base 12
-1a8116
Convert 9a71 (base 12) to base 3.
212102111
Convert -5343552 (base 6) to base 12.
-107bb8
Convert 3551570 (base 10) to base 16.
363152
Convert -10d08 (base 15) to base 11.
-3726a
1022333330 (base 4) to base 5
34312241
Convert -1010333212 (base 4) to base 7.
-2254621
Convert 104736 (base 11) to base 2.
101000110101011101
-23e0b (base 15) to base 6
-2242132
What is -1cbab (base 16) in base 15?
-24d00
Convert 43a274 (base 13) to base 2.
110000100111110101010
What is 1066044 (base 9) in base 7?
4614013
What is 1328743 (base 12) in base 11?
2158676
What is -c3322 (base 13) in base 6?
-11255414
What is -3783712 (base 12) in base 13?
-2338679
Convert -72334 (base 9) to base 10.
-47659
-57843 (base 10) to base 6
-1123443
What is -6162ca (base 13) in base 9?
-4238767
What is 232015455 (base 6) in base 7?
51335411
-a227618 (base 11) to base 12
-6079314
Convert -2101110222220 (base 3) to base 13.
-3558c9
Convert 33551612 (base 7) to base 9.
5440755
-25722 (base 10) to base 11
-18364
-1314142 (base 8) to base 2
-1011001100001100010
What is -256313 (base 7) in base 8?
-135332
511030552 (base 6) to base 13
1a68070
-786028 (base 9) to base 3
-212220000222
Convert -7257 (base 13) to base 3.
-210122210
What is -40121230 (base 5) in base 2?
-1001101011010001001
What is 8063 (base 12) in base 7?
55344
What is 8420537 (base 10) in base 7?
131400446
-a68378 (base 11) to base 16
-1a158c
Convert -143313101 (base 5) to base 12.
-308069
What is 14435443 (base 6) in base 13?
147b22
What is -63265622 (base 8) in base 2?
-110011010110101110010010
What is 10540406 (base 7) in base 13?
261740
What is 4813618 (base 9) in base 15?
367872
What is 2312400 (base 5) in base 4?
22022000
What is 27111d (base 14) in base 5?
321110102
What is -62107 (base 8) in base 7?
-134562
-267468 (base 14) to base 16
-143c94
142530040 (base 7) to base 2
100011110011011001000001
37f6d (base 16) to base 11
147250
103322022 (base 5) to base 10
448387
Convert -323230123 (base 5) to base 12.
-568537
30000033 (base 4) to base 11
33a38
Convert 2834824 (base 9) to base 16.
17c80f
What is -290186 (base 10) in base 4?
-1012312022
-6c644 (base 14) to base 5
-31432120
Convert b82956 (base 15) to base 8.
41343005
What is 313668 (base 12) in base 13?
211013
Convert 14404412 (base 5) to base 11.
a5557
111101111001 (base 2) to base 5
111321
Convert -143111616 (base 7) to base 13.
-1c53045
What is -135248 (base 9) in base 11?
-57056
2c1fe (base 16) to base 4
230013332
Convert 3015425 (base 6) to base 15.
2c355
What is -2b95 (base 16) in base 13?
-5103
What is 645142 (base 8) in base 16?
34a62
What is -130744 (base 9) in base 15?
-18794
Convert -393640 (base 11) to base 9.
-1144038
What is 441502 (base 6) in base 2?
1000111101001110
Convert -167d55 (base 16) to base 9.
-2685701
10200120211212 (base 3) to base 4
13132203221
-41a24d (base 14) to base 13
-5c84c8
What is 745a0c (base 15) in base 3?
101102022200210
Convert -116380 (base 11) to base 7.
-1364551
-3030010 (base 8) to base 12
-326288
What is -78468 (base 14) in base 7?
-2323361
215553110 (base 6) to base 11
2237031
What is -102220010021000 (base 3) in base 5?
-3104224434
What is 223ad (base 16) in base 8?
421655
-29b0811 (base 12) to base 10
-8440717
What is -526516 (base 7) in base 9?
-148031
What is -906768 (base 12) in base 10?
-2250944
Convert -18100166 (base 9) to base 14.
-12ca051
What is c583 (base 14) in base 13?
12642
Convert -6a236 (base 11) to base 9.
-164127
Convert -15a177 (base 11) to base 14.
-6641d
Convert -100636 (base 10) to base 6.
-2053524
Convert -50551112 (base 7) to base 13.
-b471ab
-172e6 (base 16) to base 6
-2011330
What is 10012002121201 (base 3) in base 10?
1694647
Convert -29e2b (base 15) to base 16.
-20ea0
What is 34869 (base 12) in base 7?
412053
Convert 109451 (base 10) to base 4.
122232023
What is 6a433 (base 12) in base 10?
142311
67746 (base 8) to base 14
a622
34610 (bas